{"id":1914,"date":"2024-03-21T00:36:37","date_gmt":"2024-03-20T23:36:37","guid":{"rendered":"https:\/\/concordeoficial.com\/travels\/?post_type=product&#038;p=1914"},"modified":"2024-04-02T18:49:35","modified_gmt":"2024-04-02T16:49:35","slug":"republica-dominicana-mes-de-mama-3-ciudades","status":"publish","type":"product","link":"https:\/\/concordeoficial.com\/travels\/producto\/republica-dominicana-mes-de-mama-3-ciudades\/","title":{"rendered":"Rep\u00fablica Dominicana Mayo 3 ciudades"},"content":{"rendered":"<p>Experiencia inolvidable, \u00a13 Destinos \u00fanicos!<\/p>\n<p>7 noches 8 d\u00edas, Santo Domingo, Santiago de los Caballeros, Puerto Plata<\/p>\n<p>\u00danica salida Bogot\u00e1 y Medell\u00edn<\/p>\n<ul>\n<li>Tiquetes a\u00e9reos ida y regreso<\/li>\n<li>Gu\u00eda desde ambas ciudades<\/li>\n<li>Tarjeta de asistencia (menores de 69 a\u00f1os)<\/li>\n<li>Fiesta blanca de bienvenida a las madres (orquesta local)<\/li>\n<\/ul>\n<p>Alojamiento 2 noches , Hodelpa Caribe Colonial (solo desayuno), alojamiento en salida y entrada del plan<\/p>\n<p>Alojamiento 1 noche Hodelpa Centro Plaza (desayuno y almuerzo incluido)<\/p>\n<p>Alojamiento 4 noches Emotion Plays Dorada (todo incluido)<\/p>\n<p>&nbsp;<\/p>\n<p>Traslado aeropuerto Las Americas\u00a0 al hotel<\/p>\n<p>Traslado desde Santo Domingo a Santiago de los Caballeros<\/p>\n<p>Traslado Puerto Plata a Santo Domingo<\/p>\n<p>Traslado Hotel aeropuerto<\/p>\n<p>&nbsp;<\/p>\n<p>City tour zona colonial Santo Domingo<\/p>\n<p>Tour artesanal ruta Mu\u00f1eca sin rostros, calle de murales y almuerzo en moca<\/p>\n<p>City tours descubre el primer Santiago de Am\u00e9rica<\/p>\n<p>City tour Puerto Plata completo<\/p>\n<p>&nbsp;<\/p>\n<p>Tarifa vigente hasta 31 de marzo, Aplican TyC<\/p>\n","protected":false},"excerpt":{"rendered":"<p>Precio en USD, Santo Domingo, Santiago de los Caballeros, Puerto Plata, 7 noches 8 d\u00edas<\/p>\n","protected":false},"featured_media":1915,"comment_status":"open","ping_status":"closed","template":"","meta":{"_uag_custom_page_level_css":"","site-sidebar-layout":"default","site-content-layout":"","ast-site-content-layout":"default","site-content-style":"default","site-sidebar-style":"default","ast-global-header-display":"","ast-banner-title-visibility":"","ast-main-header-display":"","ast-hfb-above-header-display":"","ast-hfb-below-header-display":"","ast-hfb-mobile-header-display":"","site-post-title":"","ast-breadcrumbs-content":"","ast-featured-img":"","footer-sml-layout":"","theme-transparent-header-meta":"default","adv-header-id-meta":"","stick-header-meta":"","header-above-stick-meta":"","header-main-stick-meta":"","header-below-stick-meta":"","astra-migrate-meta-layouts":"set","ast-page-background-enabled":"default","ast-page-background-meta":{"desktop":{"background-color":"","background-image":"","background-repeat":"repeat","background-position":"center center","background-size":"auto","background-attachment":"scroll","background-type":"","background-media":"","overlay-type":"","overlay-color":"","overlay-gradient":""},"tablet":{"background-color":"","background-image":"","background-repeat":"repeat","background-position":"center center","background-size":"auto","background-attachment":"scroll","background-type":"","background-media":"","overlay-type":"","overlay-color":"","overlay-gradient":""},"mobile":{"background-color":"","background-image":"","background-repeat":"repeat","background-position":"center center","background-size":"auto","background-attachment":"scroll","background-type":"","background-media":"","overlay-type":"","overlay-color":"","overlay-gradient":""}},"ast-content-background-meta":{"desktop":{"background-color":"var(--ast-global-color-5)","background-image":"","background-repeat":"repeat","background-position":"center center","background-size":"auto","background-attachment":"scroll","background-type":"","background-media":"","overlay-type":"","overlay-color":"","overlay-gradient":""},"tablet":{"background-color":"var(--ast-global-color-5)","background-image":"","background-repeat":"repeat","background-position":"center center","background-size":"auto","background-attachment":"scroll","background-type":"","background-media":"","overlay-type":"","overlay-color":"","overlay-gradient":""},"mobile":{"background-color":"var(--ast-global-color-5)","background-image":"","background-repeat":"repeat","background-position":"center center","background-size":"auto","background-attachment":"scroll","background-type":"","background-media":"","overlay-type":"","overlay-color":"","overlay-gradient":""}}},"product_cat":[17],"product_tag":[],"uagb_featured_image_src":{"full":["https:\/\/concordeoficial.com\/travels\/wp-content\/uploads\/2024\/03\/20240322ConcordeTravelsRepublicaDominicana.png",1081,1351,false],"thumbnail":["https:\/\/concordeoficial.com\/travels\/wp-content\/uploads\/2024\/03\/20240322ConcordeTravelsRepublicaDominicana-150x150.png",150,150,true],"medium":["https:\/\/concordeoficial.com\/travels\/wp-content\/uploads\/2024\/03\/20240322ConcordeTravelsRepublicaDominicana-240x300.png",240,300,true],"medium_large":["https:\/\/concordeoficial.com\/travels\/wp-content\/uploads\/2024\/03\/20240322ConcordeTravelsRepublicaDominicana-768x960.png",768,960,true],"large":["https:\/\/concordeoficial.com\/travels\/wp-content\/uploads\/2024\/03\/20240322ConcordeTravelsRepublicaDominicana-819x1024.png",819,1024,true],"1536x1536":["https:\/\/concordeoficial.com\/travels\/wp-content\/uploads\/2024\/03\/20240322ConcordeTravelsRepublicaDominicana.png",1081,1351,false],"2048x2048":["https:\/\/concordeoficial.com\/travels\/wp-content\/uploads\/2024\/03\/20240322ConcordeTravelsRepublicaDominicana.png",1081,1351,false],"woocommerce_thumbnail":["https:\/\/concordeoficial.com\/travels\/wp-content\/uploads\/2024\/03\/20240322ConcordeTravelsRepublicaDominicana-300x300.png",300,300,true],"woocommerce_single":["https:\/\/concordeoficial.com\/travels\/wp-content\/uploads\/2024\/03\/20240322ConcordeTravelsRepublicaDominicana-600x750.png",600,750,true],"woocommerce_gallery_thumbnail":["https:\/\/concordeoficial.com\/travels\/wp-content\/uploads\/2024\/03\/20240322ConcordeTravelsRepublicaDominicana-100x100.png",100,100,true]},"uagb_author_info":{"display_name":"concorde.2021.s","author_link":"https:\/\/concordeoficial.com\/travels\/author\/"},"uagb_comment_info":0,"uagb_excerpt":"Precio en USD, Santo Domingo, Santiago de los Caballeros, Puerto Plata, 7 noches 8 d\u00edas","_links":{"self":[{"href":"https:\/\/concordeoficial.com\/travels\/wp-json\/wp\/v2\/product\/1914"}],"collection":[{"href":"https:\/\/concordeoficial.com\/travels\/wp-json\/wp\/v2\/product"}],"about":[{"href":"https:\/\/concordeoficial.com\/travels\/wp-json\/wp\/v2\/types\/product"}],"replies":[{"embeddable":true,"href":"https:\/\/concordeoficial.com\/travels\/wp-json\/wp\/v2\/comments?post=1914"}],"wp:featuredmedia":[{"embeddable":true,"href":"https:\/\/concordeoficial.com\/travels\/wp-json\/wp\/v2\/media\/1915"}],"wp:attachment":[{"href":"https:\/\/concordeoficial.com\/travels\/wp-json\/wp\/v2\/media?parent=1914"}],"wp:term":[{"taxonomy":"product_cat","embeddable":true,"href":"https:\/\/concordeoficial.com\/travels\/wp-json\/wp\/v2\/product_cat?post=1914"},{"taxonomy":"product_tag","embeddable":true,"href":"https:\/\/concordeoficial.com\/travels\/wp-json\/wp\/v2\/product_tag?post=1914"}],"curies":[{"name":"wp","href":"https:\/\/api.w.org\/{rel}","templated":true}]}}