{"id":2305,"date":"2024-03-29T22:25:40","date_gmt":"2024-03-29T21:25:40","guid":{"rendered":"https:\/\/concordeoficial.com\/travels\/?post_type=product&#038;p=2305"},"modified":"2024-04-04T16:29:44","modified_gmt":"2024-04-04T14:29:44","slug":"mexico","status":"publish","type":"product","link":"https:\/\/concordeoficial.com\/travels\/producto\/mexico\/","title":{"rendered":"M\u00e9xico"},"content":{"rendered":"<p>Emb\u00e1rcate en una traves\u00eda por el M\u00e9xico m\u00e1s aut\u00e9ntico y vibrante. Desde las antiguas ruinas mayas hasta los coloridos mercados de las ciudades coloniales, esta ruta del arte y del mezcal te sumergir\u00e1 en la rica cultura mexicana.<\/p>\n<p>Kit de bienvenida:<\/p>\n<ul>\n<li>Tequila 250 ml<\/li>\n<li>1 Imagen de la Virgen de Guadalupe<\/li>\n<li>1 Rosario<\/li>\n<li>Dulce t\u00edpico<\/li>\n<\/ul>\n<p>Salidas garantizadas. Incluye:<\/p>\n<ul>\n<li>Alojamiento seg\u00fan programa<\/li>\n<li>Excursiones seg\u00fan programa<\/li>\n<li>Traslados Aero-hotel7 aeropuerto en servicio compartido seg\u00fan programa<\/li>\n<li>Tarjeta de asistencia m\u00e9dica menores de 69 a\u00f1os<\/li>\n<\/ul>\n<p>M\u00e9xico Cl\u00e1sico: 04 d\u00edas- 03 noches<\/p>\n<p>Ruta del arte y del Mezcal: 7 d\u00edas- 6 noches<\/p>\n<p>Fiesta del Mariachi: 6 d\u00edas- 5 noches<\/p>\n<p>Ciudad de M\u00e9xico con Africam Frida y Mariachis: 6 d\u00edas- 5 noches<\/p>\n<p><strong>NO INCLUYE:<\/strong> tiquetes a\u00e9reos internacional, servicios, alimentaci\u00f3n y gastos no especificados en la tarifa.<\/p>\n<p>Precio v\u00e1lido para m\u00ednimo 2 pasajeros viajando juntos.<\/p>\n<p>El pago se realiza en pesos colombianos al TRM del d\u00eda en el que se realice la compra; el precio es el aproximado, esta sujeto al TMR.<\/p>\n<p>Aplican TYC Concorde Travels S.A.S<\/p>\n<p>&nbsp;<\/p>\n","protected":false},"excerpt":{"rendered":"<p>4 planes diferentes, \u00a1Una gran experiencia!, con taza de cambio en COP<\/p>\n","protected":false},"featured_media":2410,"comment_status":"open","ping_status":"closed","template":"","meta":{"_uag_custom_page_level_css":"","site-sidebar-layout":"default","site-content-layout":"","ast-site-content-layout":"default","site-content-style":"default","site-sidebar-style":"default","ast-global-header-display":"","ast-banner-title-visibility":"","ast-main-header-display":"","ast-hfb-above-header-display":"","ast-hfb-below-header-display":"","ast-hfb-mobile-header-display":"","site-post-title":"","ast-breadcrumbs-content":"","ast-featured-img":"","footer-sml-layout":"","theme-transparent-header-meta":"default","adv-header-id-meta":"","stick-header-meta":"","header-above-stick-meta":"","header-main-stick-meta":"","header-below-stick-meta":"","astra-migrate-meta-layouts":"set","ast-page-background-enabled":"default","ast-page-background-meta":{"desktop":{"background-color":"","background-image":"","background-repeat":"repeat","background-position":"center center","background-size":"auto","background-attachment":"scroll","background-type":"","background-media":"","overlay-type":"","overlay-color":"","overlay-gradient":""},"tablet":{"background-color":"","background-image":"","background-repeat":"repeat","background-position":"center center","background-size":"auto","background-attachment":"scroll","background-type":"","background-media":"","overlay-type":"","overlay-color":"","overlay-gradient":""},"mobile":{"background-color":"","background-image":"","background-repeat":"repeat","background-position":"center center","background-size":"auto","background-attachment":"scroll","background-type":"","background-media":"","overlay-type":"","overlay-color":"","overlay-gradient":""}},"ast-content-background-meta":{"desktop":{"background-color":"var(--ast-global-color-5)","background-image":"","background-repeat":"repeat","background-position":"center center","background-size":"auto","background-attachment":"scroll","background-type":"","background-media":"","overlay-type":"","overlay-color":"","overlay-gradient":""},"tablet":{"background-color":"var(--ast-global-color-5)","background-image":"","background-repeat":"repeat","background-position":"center center","background-size":"auto","background-attachment":"scroll","background-type":"","background-media":"","overlay-type":"","overlay-color":"","overlay-gradient":""},"mobile":{"background-color":"var(--ast-global-color-5)","background-image":"","background-repeat":"repeat","background-position":"center center","background-size":"auto","background-attachment":"scroll","background-type":"","background-media":"","overlay-type":"","overlay-color":"","overlay-gradient":""}}},"product_cat":[17],"product_tag":[],"uagb_featured_image_src":{"full":["https:\/\/concordeoficial.com\/travels\/wp-content\/uploads\/2024\/03\/20240407ConcordeTravelsPlanesMexico.png",1087,1354,false],"thumbnail":["https:\/\/concordeoficial.com\/travels\/wp-content\/uploads\/2024\/03\/20240407ConcordeTravelsPlanesMexico-150x150.png",150,150,true],"medium":["https:\/\/concordeoficial.com\/travels\/wp-content\/uploads\/2024\/03\/20240407ConcordeTravelsPlanesMexico-241x300.png",241,300,true],"medium_large":["https:\/\/concordeoficial.com\/travels\/wp-content\/uploads\/2024\/03\/20240407ConcordeTravelsPlanesMexico-768x957.png",768,957,true],"large":["https:\/\/concordeoficial.com\/travels\/wp-content\/uploads\/2024\/03\/20240407ConcordeTravelsPlanesMexico-822x1024.png",822,1024,true],"1536x1536":["https:\/\/concordeoficial.com\/travels\/wp-content\/uploads\/2024\/03\/20240407ConcordeTravelsPlanesMexico.png",1087,1354,false],"2048x2048":["https:\/\/concordeoficial.com\/travels\/wp-content\/uploads\/2024\/03\/20240407ConcordeTravelsPlanesMexico.png",1087,1354,false],"woocommerce_thumbnail":["https:\/\/concordeoficial.com\/travels\/wp-content\/uploads\/2024\/03\/20240407ConcordeTravelsPlanesMexico-300x300.png",300,300,true],"woocommerce_single":["https:\/\/concordeoficial.com\/travels\/wp-content\/uploads\/2024\/03\/20240407ConcordeTravelsPlanesMexico-600x747.png",600,747,true],"woocommerce_gallery_thumbnail":["https:\/\/concordeoficial.com\/travels\/wp-content\/uploads\/2024\/03\/20240407ConcordeTravelsPlanesMexico-100x100.png",100,100,true]},"uagb_author_info":{"display_name":"Mariana Cipamocha","author_link":"https:\/\/concordeoficial.com\/travels\/author\/"},"uagb_comment_info":0,"uagb_excerpt":"4 planes diferentes, \u00a1Una gran experiencia!, con taza de cambio en COP","_links":{"self":[{"href":"https:\/\/concordeoficial.com\/travels\/wp-json\/wp\/v2\/product\/2305"}],"collection":[{"href":"https:\/\/concordeoficial.com\/travels\/wp-json\/wp\/v2\/product"}],"about":[{"href":"https:\/\/concordeoficial.com\/travels\/wp-json\/wp\/v2\/types\/product"}],"replies":[{"embeddable":true,"href":"https:\/\/concordeoficial.com\/travels\/wp-json\/wp\/v2\/comments?post=2305"}],"wp:featuredmedia":[{"embeddable":true,"href":"https:\/\/concordeoficial.com\/travels\/wp-json\/wp\/v2\/media\/2410"}],"wp:attachment":[{"href":"https:\/\/concordeoficial.com\/travels\/wp-json\/wp\/v2\/media?parent=2305"}],"wp:term":[{"taxonomy":"product_cat","embeddable":true,"href":"https:\/\/concordeoficial.com\/travels\/wp-json\/wp\/v2\/product_cat?post=2305"},{"taxonomy":"product_tag","embeddable":true,"href":"https:\/\/concordeoficial.com\/travels\/wp-json\/wp\/v2\/product_tag?post=2305"}],"curies":[{"name":"wp","href":"https:\/\/api.w.org\/{rel}","templated":true}]}}