{"id":2325,"date":"2024-03-29T23:25:38","date_gmt":"2024-03-29T22:25:38","guid":{"rendered":"https:\/\/concordeoficial.com\/travels\/?post_type=product&#038;p=2325"},"modified":"2024-04-03T16:34:30","modified_gmt":"2024-04-03T14:34:30","slug":"fiesta-de-solteros-en-cuba","status":"publish","type":"product","link":"https:\/\/concordeoficial.com\/travels\/producto\/fiesta-de-solteros-en-cuba\/","title":{"rendered":"Fiesta de solteros en Cuba"},"content":{"rendered":"<p>Celebra tu despedida de solteros en Cuba, un destino lleno de encanto caribe\u00f1o y vibrante vida nocturna. Baila al ritmo de la salsa en los clubes de La Habana, rel\u00e1jate en las playas de Varadero y descubre la historia y la cultura de Trinidad. Disfruta de c\u00f3cteles tropicales, deliciosa comida cubana y experiencias inolvidables mientras te despides de la solter\u00eda en el coraz\u00f3n del Caribe. \u00a1Una aventura emocionante te espera en la isla de Cuba!<\/p>\n<p>Incluye:<\/p>\n<ul>\n<li>Traslados en servicios compartidos desde el aero de Habana- Hotel y viceversa<\/li>\n<li>Alojamiento 6 noches, 7 d\u00edas en el Meli\u00e1 Antillas (Varadero) \/ Plan de alimentaci\u00f3n, todo incluido<\/li>\n<li>Alojamiento 1 noche en el Hotel Tryp Habana Libre (cena incluida)<\/li>\n<li>Asistencia m\u00e9dica con cobertura hasta 35.000 USD para menores de 69 a\u00f1os.<\/li>\n<\/ul>\n<p><strong>NO INLCUYE:<\/strong> tiquete a\u00e9reo internacional, tarjeta de turismo para ingresar a cuba, alimentaci\u00f3n no incluida.<\/p>\n<p>El pago se realiza en pesos colombianos al TRM del d\u00eda en el que se realice la compra; el precio es el aproximado, esta sujeto al TMR.<\/p>\n<p>Aplican TYC Concorde Travels S.A.S<\/p>\n","protected":false},"excerpt":{"rendered":"<p>Salidas en junio y septiembre, precio con taza de cambio en COP<\/p>\n","protected":false},"featured_media":2403,"comment_status":"open","ping_status":"closed","template":"","meta":{"_uag_custom_page_level_css":"","site-sidebar-layout":"default","site-content-layout":"","ast-site-content-layout":"default","site-content-style":"default","site-sidebar-style":"default","ast-global-header-display":"","ast-banner-title-visibility":"","ast-main-header-display":"","ast-hfb-above-header-display":"","ast-hfb-below-header-display":"","ast-hfb-mobile-header-display":"","site-post-title":"","ast-breadcrumbs-content":"","ast-featured-img":"","footer-sml-layout":"","theme-transparent-header-meta":"default","adv-header-id-meta":"","stick-header-meta":"","header-above-stick-meta":"","header-main-stick-meta":"","header-below-stick-meta":"","astra-migrate-meta-layouts":"set","ast-page-background-enabled":"default","ast-page-background-meta":{"desktop":{"background-color":"","background-image":"","background-repeat":"repeat","background-position":"center center","background-size":"auto","background-attachment":"scroll","background-type":"","background-media":"","overlay-type":"","overlay-color":"","overlay-gradient":""},"tablet":{"background-color":"","background-image":"","background-repeat":"repeat","background-position":"center center","background-size":"auto","background-attachment":"scroll","background-type":"","background-media":"","overlay-type":"","overlay-color":"","overlay-gradient":""},"mobile":{"background-color":"","background-image":"","background-repeat":"repeat","background-position":"center center","background-size":"auto","background-attachment":"scroll","background-type":"","background-media":"","overlay-type":"","overlay-color":"","overlay-gradient":""}},"ast-content-background-meta":{"desktop":{"background-color":"var(--ast-global-color-5)","background-image":"","background-repeat":"repeat","background-position":"center center","background-size":"auto","background-attachment":"scroll","background-type":"","background-media":"","overlay-type":"","overlay-color":"","overlay-gradient":""},"tablet":{"background-color":"var(--ast-global-color-5)","background-image":"","background-repeat":"repeat","background-position":"center center","background-size":"auto","background-attachment":"scroll","background-type":"","background-media":"","overlay-type":"","overlay-color":"","overlay-gradient":""},"mobile":{"background-color":"var(--ast-global-color-5)","background-image":"","background-repeat":"repeat","background-position":"center center","background-size":"auto","background-attachment":"scroll","background-type":"","background-media":"","overlay-type":"","overlay-color":"","overlay-gradient":""}}},"product_cat":[17],"product_tag":[],"uagb_featured_image_src":{"full":["https:\/\/concordeoficial.com\/travels\/wp-content\/uploads\/2024\/03\/20240405ConcordeTravelsCuba.png",1087,1354,false],"thumbnail":["https:\/\/concordeoficial.com\/travels\/wp-content\/uploads\/2024\/03\/20240405ConcordeTravelsCuba-150x150.png",150,150,true],"medium":["https:\/\/concordeoficial.com\/travels\/wp-content\/uploads\/2024\/03\/20240405ConcordeTravelsCuba-241x300.png",241,300,true],"medium_large":["https:\/\/concordeoficial.com\/travels\/wp-content\/uploads\/2024\/03\/20240405ConcordeTravelsCuba-768x957.png",768,957,true],"large":["https:\/\/concordeoficial.com\/travels\/wp-content\/uploads\/2024\/03\/20240405ConcordeTravelsCuba-822x1024.png",822,1024,true],"1536x1536":["https:\/\/concordeoficial.com\/travels\/wp-content\/uploads\/2024\/03\/20240405ConcordeTravelsCuba.png",1087,1354,false],"2048x2048":["https:\/\/concordeoficial.com\/travels\/wp-content\/uploads\/2024\/03\/20240405ConcordeTravelsCuba.png",1087,1354,false],"woocommerce_thumbnail":["https:\/\/concordeoficial.com\/travels\/wp-content\/uploads\/2024\/03\/20240405ConcordeTravelsCuba-300x300.png",300,300,true],"woocommerce_single":["https:\/\/concordeoficial.com\/travels\/wp-content\/uploads\/2024\/03\/20240405ConcordeTravelsCuba-600x747.png",600,747,true],"woocommerce_gallery_thumbnail":["https:\/\/concordeoficial.com\/travels\/wp-content\/uploads\/2024\/03\/20240405ConcordeTravelsCuba-100x100.png",100,100,true]},"uagb_author_info":{"display_name":"Mariana Cipamocha","author_link":"https:\/\/concordeoficial.com\/travels\/author\/"},"uagb_comment_info":0,"uagb_excerpt":"Salidas en junio y septiembre, precio con taza de cambio en COP","_links":{"self":[{"href":"https:\/\/concordeoficial.com\/travels\/wp-json\/wp\/v2\/product\/2325"}],"collection":[{"href":"https:\/\/concordeoficial.com\/travels\/wp-json\/wp\/v2\/product"}],"about":[{"href":"https:\/\/concordeoficial.com\/travels\/wp-json\/wp\/v2\/types\/product"}],"replies":[{"embeddable":true,"href":"https:\/\/concordeoficial.com\/travels\/wp-json\/wp\/v2\/comments?post=2325"}],"wp:featuredmedia":[{"embeddable":true,"href":"https:\/\/concordeoficial.com\/travels\/wp-json\/wp\/v2\/media\/2403"}],"wp:attachment":[{"href":"https:\/\/concordeoficial.com\/travels\/wp-json\/wp\/v2\/media?parent=2325"}],"wp:term":[{"taxonomy":"product_cat","embeddable":true,"href":"https:\/\/concordeoficial.com\/travels\/wp-json\/wp\/v2\/product_cat?post=2325"},{"taxonomy":"product_tag","embeddable":true,"href":"https:\/\/concordeoficial.com\/travels\/wp-json\/wp\/v2\/product_tag?post=2325"}],"curies":[{"name":"wp","href":"https:\/\/api.w.org\/{rel}","templated":true}]}}